{"id":8717,"date":"2020-02-22T17:53:55","date_gmt":"2020-02-22T17:53:55","guid":{"rendered":"http:\/\/demo.danselaplanche.ch\/oneconcept\/?page_id=8717"},"modified":"2025-06-11T13:42:07","modified_gmt":"2025-06-11T13:42:07","slug":"reglement","status":"publish","type":"page","link":"https:\/\/danselaplanche.ch\/index.php\/reglement\/","title":{"rendered":"R\u00e8glement"},"content":{"rendered":"<div class=\"wpb-content-wrapper\"><p>[vc_row][vc_column width=\u00a0\u00bb5\/6&Prime; offset=\u00a0\u00bbvc_col-lg-offset-1 vc_col-lg-10 vc_col-md-offset-1 vc_col-md-10 vc_col-sm-offset-1&Prime;]<div class=\"mkdf-elements-holder   mkdf-one-column  mkdf-responsive-mode-768 \" ><div class=\"mkdf-eh-item     \"  data-item-class=\"mkdf-eh-custom-3163\" data-1024-1366=\"0 68px\" data-768-1024=\"0 35px\" data-680-768=\"0 35px\" data-680=\"0 0 0 0\">\n\t<div class=\"mkdf-eh-item-inner\">\n\t\t<div class=\"mkdf-eh-item-content mkdf-eh-custom-3163\" style=\"padding: 0 70px\">\n\t\t\t[vc_empty_space height=\u00a0\u00bb40px\u00a0\u00bb][vc_column_text css=\u00a0\u00bb.vc_custom_1718718782193{margin-top: -35px !important;}\u00a0\u00bb]<\/p>\n<h3 style=\"text-align: center;\">R\u00e8glement<\/h3>\n<p>[\/vc_column_text]<div class=\"mkdf-separator-holder clearfix  mkdf-separator-center  mkdf-separator-animation-yes\" style=\"margin-top: 30px;margin-bottom: 29px\">\n\t    <div data-width=\"140px\" class=\"mkdf-separator\" style=\"border-color: #000000;width: 140px;border-bottom-width: 1px\"><\/div>\n\t<\/div>\n\t\t<\/div>\n\t<\/div>\n<\/div><\/div>[\/vc_column][\/vc_row][vc_row][vc_column width=\u00a0\u00bb5\/6&Prime; offset=\u00a0\u00bbvc_col-lg-offset-1 vc_col-lg-10 vc_col-md-offset-1 vc_col-md-10 vc_col-sm-offset-1&Prime;]<div class=\"mkdf-elements-holder   mkdf-one-column  mkdf-responsive-mode-768 \" ><div class=\"mkdf-eh-item     \"  data-item-class=\"mkdf-eh-custom-6556\" data-1024-1366=\"0 68px\" data-768-1024=\"0 35px\" data-680-768=\"0 35px\" data-680=\"0 0 0 0\">\n\t<div class=\"mkdf-eh-item-inner\">\n\t\t<div class=\"mkdf-eh-item-content mkdf-eh-custom-6556\" style=\"padding: 0 70px\">\n\t\t\t[vc_column_text css=\u00a0\u00bb.vc_custom_1749649324452{margin-top: -35px !important;}\u00a0\u00bb]<\/p>\n<ol>\n<li style=\"text-align: left;\">\u00a0Une inscription de fr 10.- est demand\u00e9e pour l\u2019ann\u00e9e 2025-2026.<\/li>\n<li style=\"text-align: left;\"><strong>\u00a0<span style=\"text-decoration: underline;\">L\u2019engagement est annuel<\/span><\/strong>, et le <span style=\"text-decoration: underline;\">paiement est trimestriel<\/span>. Paiement \u00e0 effectuer dans les 30 jours apr\u00e8s le d\u00e9but du trimestre.<br \/>\nPossibilit\u00e9 de commencer en cours de trimestre.\u00a0<span style=\"text-decoration: underline;\">Si vous deviez arr\u00eater durant l\u2019ann\u00e9e pour une raison majeure\u00a0<\/span>(d\u00e9m\u00e9nagement, changement professionnel, grossesse, maladies ou accidents), veuillez avertir\u00a0<span style=\"text-decoration: underline;\">par \u00e9crit<\/span> le plus rapidement possible votre professeur\u00b7e. Sans raison majeure, les 3 trimestres sont dus int\u00e9gralement.<\/li>\n<li style=\"text-align: left;\">\u00a0Les cours manqu\u00e9s ne sont ni rembours\u00e9s, ni d\u00e9duits, mais peuvent \u00eatre remplac\u00e9s\u00a0\u00a0\u00a0 (exception : maladies ou accidents sur pr\u00e9sentation d\u2019un certificat m\u00e9dical).<\/li>\n<li>Droit \u00e0 l&rsquo;image. Sur l&rsquo;inscription, cocher la section concernant l&rsquo;autorisation \u00e0 utiliser les images dans le cadre de l&rsquo;\u00e9cole de La Planche.<\/li>\n<\/ol>\n<h4 style=\"text-align: center;\">Remarques<\/h4>\n<ol>\n<li style=\"text-align: left;\">\u00a0Veuillez vous inscrire via le site ou renvoyer le bulletin d&rsquo;inscription papier \u00e0 la professeure concern\u00e9e. Sans confirmation de notre part, consid\u00e9rez votre inscription comme enregistr\u00e9e. Si vous en d\u00e9sirez une, veuillez le pr\u00e9ciser sur le bulletin d&rsquo;inscription papier.<\/li>\n<li style=\"text-align: left;\"><strong><strong>\u00a0L\u2019horaire, l\u2019\u00e2ge ou le niveau d\u00e9finitif des cours pourront \u00eatre modifi\u00e9s suivant les inscriptions.<\/strong><\/strong><\/li>\n<li style=\"text-align: left;\">\u00a0Vous pouvez venir essayer un premier cours sans engagement. Pour les petits enfants (cours initiation), l\u2019engagement ne devient d\u00e9finitif qu\u2019apr\u00e8s un temps d\u2019essai de 4 semaines.<\/li>\n<li>\u00a0Les cours destin\u00e9s aux jeunes entre 5 et 20 ans s\u2019inscrivent dans les activit\u00e9s de Jeunesse et Sport et sont soutenus par l\u2019\u00c9tat de Fribourg.<br \/>\nLe no AVS de chaque \u00e9l\u00e8ve concern\u00e9\u00b7e est demand\u00e9 dans l\u2019inscription. Une fois l\u2019inscription valid\u00e9e, le num\u00e9ro est enregistr\u00e9 dans la base de donn\u00e9es de Jeunesse et Sport et utilis\u00e9 strictement dans ce cadre.<\/li>\n<\/ol>\n<p>[\/vc_column_text]\t\t<\/div>\n\t<\/div>\n<\/div><\/div>[\/vc_column][\/vc_row][vc_row][vc_column][vc_empty_space][\/vc_column][\/vc_row]<\/p>\n<\/div>","protected":false},"excerpt":{"rendered":"<p>[vc_row][vc_column width=\u00a0\u00bb5\/6&Prime; offset=\u00a0\u00bbvc_col-lg-offset-1 vc_col-lg-10 vc_col-md-offset-1 vc_col-md-10 vc_col-sm-offset-1&Prime;][\/vc_column][\/vc_row][vc_row][vc_column width=\u00a0\u00bb5\/6&Prime; offset=\u00a0\u00bbvc_col-lg-offset-1 vc_col-lg-10 vc_col-md-offset-1 vc_col-md-10 vc_col-sm-offset-1&Prime;][\/vc_column][\/vc_row][vc_row][vc_column][vc_empty_space][\/vc_column][\/vc_row]<\/p>\n","protected":false},"author":2,"featured_media":0,"parent":0,"menu_order":0,"comment_status":"closed","ping_status":"closed","template":"full-width.php","meta":{"footnotes":""},"class_list":["post-8717","page","type-page","status-publish","hentry"],"_links":{"self":[{"href":"https:\/\/danselaplanche.ch\/index.php\/wp-json\/wp\/v2\/pages\/8717","targetHints":{"allow":["GET"]}}],"collection":[{"href":"https:\/\/danselaplanche.ch\/index.php\/wp-json\/wp\/v2\/pages"}],"about":[{"href":"https:\/\/danselaplanche.ch\/index.php\/wp-json\/wp\/v2\/types\/page"}],"author":[{"embeddable":true,"href":"https:\/\/danselaplanche.ch\/index.php\/wp-json\/wp\/v2\/users\/2"}],"replies":[{"embeddable":true,"href":"https:\/\/danselaplanche.ch\/index.php\/wp-json\/wp\/v2\/comments?post=8717"}],"version-history":[{"count":35,"href":"https:\/\/danselaplanche.ch\/index.php\/wp-json\/wp\/v2\/pages\/8717\/revisions"}],"predecessor-version":[{"id":10437,"href":"https:\/\/danselaplanche.ch\/index.php\/wp-json\/wp\/v2\/pages\/8717\/revisions\/10437"}],"wp:attachment":[{"href":"https:\/\/danselaplanche.ch\/index.php\/wp-json\/wp\/v2\/media?parent=8717"}],"curies":[{"name":"wp","href":"https:\/\/api.w.org\/{rel}","templated":true}]}}

Règlement

<div class="wpb-content-wrapper"><p>[vc_row][vc_column width= »5/6&Prime; offset= »vc_col-lg-offset-1 vc_col-lg-10 vc_col-md-offset-1 vc_col-md-10 vc_col-sm-offset-1&Prime;]<div class="mkdf-elements-holder   mkdf-one-column  mkdf-responsive-mode-768 " ><div class="mkdf-eh-item     "  data-item-class="mkdf-eh-custom-3163" data-1024-1366="0 68px" data-768-1024="0 35px" data-680-768="0 35px" data-680="0 0 0 0">
	<div class="mkdf-eh-item-inner">
		<div class="mkdf-eh-item-content mkdf-eh-custom-3163" style="padding: 0 70px">
			[vc_empty_space height= »40px »][vc_column_text css= ».vc_custom_1718718782193{margin-top: -35px !important;} »]</p>
<h3 style="text-align: center;">Règlement</h3>
<p>[/vc_column_text]<div class="mkdf-separator-holder clearfix  mkdf-separator-center  mkdf-separator-animation-yes" style="margin-top: 30px;margin-bottom: 29px">
	    <div data-width="140px" class="mkdf-separator" style="border-color: #000000;width: 140px;border-bottom-width: 1px"></div>
	</div>
		</div>
	</div>
</div></div>[/vc_column][/vc_row][vc_row][vc_column width= »5/6&Prime; offset= »vc_col-lg-offset-1 vc_col-lg-10 vc_col-md-offset-1 vc_col-md-10 vc_col-sm-offset-1&Prime;]<div class="mkdf-elements-holder   mkdf-one-column  mkdf-responsive-mode-768 " ><div class="mkdf-eh-item     "  data-item-class="mkdf-eh-custom-6556" data-1024-1366="0 68px" data-768-1024="0 35px" data-680-768="0 35px" data-680="0 0 0 0">
	<div class="mkdf-eh-item-inner">
		<div class="mkdf-eh-item-content mkdf-eh-custom-6556" style="padding: 0 70px">
			[vc_column_text css= ».vc_custom_1749649324452{margin-top: -35px !important;} »]</p>
<ol>
<li style="text-align: left;"> Une inscription de fr 10.- est demandée pour l’année 2025-2026.</li>
<li style="text-align: left;"><strong> <span style="text-decoration: underline;">L’engagement est annuel</span></strong>, et le <span style="text-decoration: underline;">paiement est trimestriel</span>. Paiement à effectuer dans les 30 jours après le début du trimestre.<br />
Possibilité de commencer en cours de trimestre. <span style="text-decoration: underline;">Si vous deviez arrêter durant l’année pour une raison majeure </span>(déménagement, changement professionnel, grossesse, maladies ou accidents), veuillez avertir <span style="text-decoration: underline;">par écrit</span> le plus rapidement possible votre professeur·e. Sans raison majeure, les 3 trimestres sont dus intégralement.</li>
<li style="text-align: left;"> Les cours manqués ne sont ni remboursés, ni déduits, mais peuvent être remplacés    (exception : maladies ou accidents sur présentation d’un certificat médical).</li>
<li>Droit à l&rsquo;image. Sur l&rsquo;inscription, cocher la section concernant l&rsquo;autorisation à utiliser les images dans le cadre de l&rsquo;école de La Planche.</li>
</ol>
<h4 style="text-align: center;">Remarques</h4>
<ol>
<li style="text-align: left;"> Veuillez vous inscrire via le site ou renvoyer le bulletin d&rsquo;inscription papier à la professeure concernée. Sans confirmation de notre part, considérez votre inscription comme enregistrée. Si vous en désirez une, veuillez le préciser sur le bulletin d&rsquo;inscription papier.</li>
<li style="text-align: left;"><strong><strong> L’horaire, l’âge ou le niveau définitif des cours pourront être modifiés suivant les inscriptions.</strong></strong></li>
<li style="text-align: left;"> Vous pouvez venir essayer un premier cours sans engagement. Pour les petits enfants (cours initiation), l’engagement ne devient définitif qu’après un temps d’essai de 4 semaines.</li>
<li> Les cours destinés aux jeunes entre 5 et 20 ans s’inscrivent dans les activités de Jeunesse et Sport et sont soutenus par l’État de Fribourg.<br />
Le no AVS de chaque élève concerné·e est demandé dans l’inscription. Une fois l’inscription validée, le numéro est enregistré dans la base de données de Jeunesse et Sport et utilisé strictement dans ce cadre.</li>
</ol>
<p>[/vc_column_text]		</div>
	</div>
</div></div>[/vc_column][/vc_row][vc_row][vc_column][vc_empty_space][/vc_column][/vc_row]</p>
</div>
