{"id":10505,"date":"2025-09-01T16:36:50","date_gmt":"2025-09-01T16:36:50","guid":{"rendered":"https:\/\/danselaplanche.ch\/?page_id=10505"},"modified":"2025-12-16T15:48:47","modified_gmt":"2025-12-16T15:48:47","slug":"classique","status":"publish","type":"page","link":"https:\/\/danselaplanche.ch\/index.php\/classique\/","title":{"rendered":"Descriptifs"},"content":{"rendered":"<div class=\"wpb-content-wrapper\"><p>[vc_row][vc_column width=\u00a0\u00bb5\/6&Prime; offset=\u00a0\u00bbvc_col-lg-offset-1 vc_col-lg-10 vc_col-md-offset-1 vc_col-md-10 vc_col-sm-offset-1&Prime;]<div class=\"mkdf-elements-holder   mkdf-one-column  mkdf-responsive-mode-768 \" ><div class=\"mkdf-eh-item     \"  data-item-class=\"mkdf-eh-custom-6539\" data-1024-1366=\"0 68px\" data-768-1024=\"0 35px\" data-680-768=\"0 35px\" data-680=\"0 0 0 0\">\n\t<div class=\"mkdf-eh-item-inner\">\n\t\t<div class=\"mkdf-eh-item-content mkdf-eh-custom-6539\" style=\"padding: 0 70px\">\n\t\t\t[vc_empty_space height=\u00a0\u00bb40px\u00a0\u00bb][vc_column_text css=\u00a0\u00bb.vc_custom_1764677609938{margin-top: -35px !important;}\u00a0\u00bb]<\/p>\n<h3 style=\"text-align: center;\">DESCRIPTIFS DES COURS<\/h3>\n<p>[\/vc_column_text]<div class=\"mkdf-separator-holder clearfix  mkdf-separator-center  mkdf-separator-animation-yes\" style=\"margin-top: 30px;margin-bottom: 29px\">\n\t    <div data-width=\"140px\" class=\"mkdf-separator\" style=\"border-color: #000000;width: 140px;border-bottom-width: 1px\"><\/div>\n\t<\/div>\n\t\t<\/div>\n\t<\/div>\n<\/div><\/div>[\/vc_column][\/vc_row][vc_row][vc_column width=\u00a0\u00bb5\/6&Prime; offset=\u00a0\u00bbvc_col-lg-offset-1 vc_col-lg-10 vc_col-md-offset-1 vc_col-md-10 vc_col-sm-offset-1&Prime;]<div class=\"mkdf-elements-holder   mkdf-one-column  mkdf-responsive-mode-768 \" ><div class=\"mkdf-eh-item     \"  data-item-class=\"mkdf-eh-custom-7812\" data-1024-1366=\"0 68px\" data-768-1024=\"0 35px\" data-680-768=\"0 35px\" data-680=\"0 0 0 0\">\n\t<div class=\"mkdf-eh-item-inner\">\n\t\t<div class=\"mkdf-eh-item-content mkdf-eh-custom-7812\" style=\"padding: 0 70px\">\n\t\t\t[vc_empty_space height=\u00a0\u00bb50px\u00a0\u00bb]<p class=\"mkdf-custom-font-holder  mkdf-cf-7131  \" style=\"font-family: Scriptina;font-size: 50px;line-height: 2em;font-weight: 400;text-align: center;color: #bababa\" data-item-class=\"mkdf-cf-7131\" data-font-size-680=\"55px\" data-line-height-680=\"2em\">\n\t<\/p>[vc_empty_space height=\u00a0\u00bb5px\u00a0\u00bb][vc_column_text css=\u00a0\u00bb.vc_custom_1765900113189{margin-top: -35px !important;}\u00a0\u00bb]<\/p>\n<p style=\"text-align: left;\"><span style=\"font-size: 14pt;\">INITIATION D\u00c8S 4 ANS<br \/>\n<span style=\"font-size: 12pt;\">Ce cours propose des exercices ludiques et des improvisations guid\u00e9es qui donne \u00e0 l&rsquo;enfant la possibilit\u00e9 d&rsquo;explorer le mouvement, de s&rsquo;approprier son corps, de d\u00e9velopper sa cr\u00e9ativit\u00e9&#8230; Sans s&rsquo;en rendre compte, il apprend des notions de base du d\u00e9placement dans l&rsquo;espace, de l&rsquo;interaction aux autres. Par des images, des histoires et des musiques qui \u00e9veillent son imaginaire, il est amen\u00e9 \u00e0 s&rsquo;amuser avec les rythmes, avec les diff\u00e9rentes qualit\u00e9s et dynamiques du mouvement.<\/span><\/span><\/p>\n<p>&nbsp;<\/p>\n<p style=\"text-align: left;\"><span style=\"font-size: 14pt;\">CONTEMPORAIN<br \/>\n<span style=\"font-size: 12pt;\">La danse contemporaine lib\u00e8re le mouvement et le corps, d\u00e9veloppe l&rsquo;amplitude et l&rsquo;efficacit\u00e9 du geste, en s&rsquo;appuyant sur des fondements de la physiologie du mouvement.<\/span><br \/>\n<span style=\"font-size: 12pt;\">Aux travers d&rsquo;exercices, d&rsquo;improvisations guid\u00e9es et d&rsquo;encha\u00eenements chor\u00e9graphiques, nous travaillons sur la posture, les dynamiques, les appuis, la relation au sol et \u00e0 l&rsquo;espace. Une attention particuli\u00e8re est port\u00e9e au ressenti \u00e9prouv\u00e9 ainsi qu&rsquo;\u00e0 l&rsquo;interaction entre personnes.<\/span><\/span><\/p>\n<p>&nbsp;<\/p>\n<p style=\"text-align: left;\"><span style=\"font-size: 14pt;\">CLASSIQUE<br \/>\n<span style=\"font-size: 12pt;\">\u00c9tudier la pr\u00e9cision et la rigueur de la technique du ballet classique, en veillant \u00e0 travailler correctement d\u2019un point de vue anatomique. Un accent particulier sera mis sur la respiration et la fluidit\u00e9 des encha\u00eenements de pas afin d\u2019\u00e9viter rigidit\u00e9 et crispation. Sentir la musicalit\u00e9 et la finesse du mouvement, que ce soit dans la l\u00e9g\u00e8ret\u00e9 ou la puissance. la\u00a0 La technique classique est excellente pour am\u00e9liorer son niveau dans d\u2019autres techniques de danse.<\/span><\/span><\/p>\n<p>&nbsp;<\/p>\n<p style=\"text-align: left;\"><span style=\"font-size: 14pt;\"><span style=\"font-size: 12pt;\">MODERN JAZZ<\/span><br \/>\nDanse tr\u00e8s expressive, dynamique, et sensuelle, s\u2019appuyant sur les rythmes (accents, groove, mouvements syncop\u00e9s) et les m\u00e9lodies (lyrical). Issue \u00e0 l\u2019origine du jazz swing, elle \u00e9volue ensuite en empruntant les bases de diff\u00e9rentes techniques, classique, danse moderne, et continue son m\u00e9tissage au gr\u00e9 des courants musicaux et techniques de danses actuels.<\/span><\/p>\n<p>&nbsp;<\/p>\n<p style=\"text-align: left;\"><span style=\"font-size: 14pt;\">HIP-HOP<br \/>\n<span style=\"font-size: 12pt;\">Ma\u00eetrise des mouvements fondamentaux du hip-hop. Apprentissage et cr\u00e9ation de chor\u00e9graphies afin de travailler la m\u00e9morisation, les isolations, la variation d\u2019\u00e9nergie et l\u2019attitude.<\/span><br \/>\n<span style=\"font-size: 12pt;\">Exercices de freestyle pour encourager la cr\u00e9ativit\u00e9 de chacun\u00b7e, travailler la confiance en soi, et pour exp\u00e9rimenter avec son corps.<\/span><\/span><\/p>\n<p>&nbsp;<\/p>\n<p style=\"text-align: left;\"><span style=\"font-size: 14pt;\">CARACT\u00c8RE DANSE &#8211; EXPRESSIVE<br \/>\n<span style=\"font-size: 12pt;\">Ensemble de techniques compl\u00e8tes li\u00e9es \u00e0 toutes les parties du corps, au travail des directions, aux dynamiques. La danse de caract\u00e8re est d&rsquo;une richesse in\u00e9puisable, tenant sa source du folklore ou des sc\u00e8nes de la vie quotidienne. C&rsquo;est une danse motivante et expressive de par la vari\u00e9t\u00e9 des rythmes et des \u00e9motions intrins\u00e8quement li\u00e9s aux musiques, elle recr\u00e9e ainsi un temp\u00e9rament, une atmosph\u00e8re, une situation. Si dans son essence la danse de caract\u00e8re est folklorique, elle est depuis longtemps sortie de ce cadre.<\/span><\/span><\/p>\n<p>&nbsp;<\/p>\n<p style=\"text-align: left;\"><span style=\"font-size: 14pt;\">FUSION CONTEMPORAIN<br \/>\n<span style=\"font-size: 12pt;\">Ce cours propose un m\u00e9lange original entre danse contemporaine et Tribal Fusion Bellydance. On y retrouve la fluidit\u00e9 et la mobilit\u00e9 articulaire du contemporain, un travail au sol, des jeux de poids, d\u2019\u00e9quilibre et de dynamique. Le Tribal Fusion, quant \u00e0 lui, apporte des isolations pr\u00e9cises, un ancrage fort et une expressivit\u00e9 corporelle inspir\u00e9e des danses orientales.<\/span><br \/>\n<span style=\"font-size: 12pt;\">\u00c0 travers des exercices techniques, des improvisations guid\u00e9es et des chor\u00e9graphies, vous explorerez une danse hybride, riche et accessible.<\/span><\/span><\/p>\n<p>&nbsp;<\/p>\n<p style=\"text-align: left;\"><span style=\"font-size: 14pt;\">AFRO ATMOSPH\u00c8RE<br \/>\n<span style=\"font-size: 12pt;\">Une danse de terre, inspir\u00e9e de diff\u00e9rents styles, dancehall, afro, danse africaine&#8230; un joli m\u00e9lange dans\u00e9 sur des musiques du soleil, une danse pour l\u00e2cher prise, s&rsquo;amuser, se faire plaisir et s&rsquo;honorer&#8230; et surtout dans la joie!<\/span><br \/>\n<span style=\"font-size: 12pt;\">Public tout niveau avec une envie de s&rsquo;amuser.<\/span><\/span><\/p>\n<p>&nbsp;<\/p>\n<p style=\"text-align: left;\"><span style=\"font-size: 14pt;\">GYM DOUCE<br \/>\n<span style=\"font-size: 12pt;\">Exercices principalement au sol qui procurent \u00e0 la fois d\u00e9tente et renforcement gr\u00e2ce \u00e0 un travail sur la posture, la proprioception et la respiration. S\u00e9rie de mouvements centr\u00e9s sur la musculature interne et la mobilit\u00e9 articulaire qui permet d\u2019am\u00e9liorer son \u00e9nergie, son \u00e9quilibre et sa souplesse.<\/span><\/span><\/p>\n<p>&nbsp;<\/p>\n<p style=\"text-align: left;\"><span style=\"font-size: 14pt;\">QI-GONG<br \/>\n<span style=\"font-size: 12pt;\">S\u00e9rie de mouvements r\u00e9p\u00e9t\u00e9s, qui, \u00e0 partir de postures bien d\u00e9finies, nourrissent l\u2019\u00e9nergie par la respiration, les sons, les images.<\/span><br \/>\nTAI-CHI-CHUAN<br \/>\n<span style=\"font-size: 12pt;\">Art traditionnel chinois fond\u00e9 sur la pratique de mouvements fluides et souples, qui ressemble \u00e0 une danse lente. En favorisant la concentration mentale, c\u2019est un excellent exercice pour le corps et l\u2019esprit.<\/span><\/span><\/p>\n<p>&nbsp;<\/p>\n<p style=\"text-align: left;\"><span style=\"font-size: 14pt;\">PILATES &amp; STRETCHING<br \/>\n<span style=\"font-size: 12pt;\">Ce cours est id\u00e9al pour d\u00e9velopper la musculature profonde et am\u00e9liorer l\u2019alignement postural. Un noyau constant et r\u00e9current compose la base du syst\u00e8me d\u2019exercices : la respiration &#8211; la concentration &#8211; le centre &#8211; le contr\u00f4le &#8211; la pr\u00e9cision et la fluidit\u00e9.<\/span><br \/>\n<span style=\"font-size: 12pt;\">Le cours se termine par une s\u00e9ance de stretching et un retour au calme qui am\u00e8ne une d\u00e9tente musculaire et pr\u00e9vient d&rsquo;\u00e9ventuelles courbatures.<\/span><\/span><\/p>\n<p>&nbsp;<\/p>\n<p style=\"text-align: left;\"><span style=\"font-size: 14pt;\">YOGA VINYASA : <span style=\"font-size: 12pt;\">Fluidit\u00e9 et force<\/span><br \/>\n<span style=\"font-size: 12pt;\">Le Yoga Vinyasa est une pratique dynamique qui relie la respiration aux mouvements fluides. Chaque s\u00e9ance est une s\u00e9quence de postures encha\u00een\u00e9es de mani\u00e8re harmonieuse, cr\u00e9ant un flux continu qui renforce le corps, am\u00e9liore la flexibilit\u00e9 et apaise l&rsquo;esprit. Id\u00e9al pour ceux qui cherchent \u00e0 allier force, \u00e9quilibre et s\u00e9r\u00e9nit\u00e9 dans une pratique en mouvement.<\/span><br \/>\n<span style=\"font-size: 12pt;\">Au cours de l&rsquo;ann\u00e9e, les diff\u00e9rentes facettes du yoga sont d\u00e9couvertes, notamment le pranayama (respiration), les kriyas (techniques de purification), les asanas (postures), la m\u00e9ditation et la philosophie du yoga.<\/span><br \/>\n<\/span><\/p>\n<p>[\/vc_column_text][vc_empty_space height=\u00a0\u00bb150px\u00a0\u00bb]\t\t<\/div>\n\t<\/div>\n<\/div><\/div>[\/vc_column][\/vc_row]<\/p>\n<\/div>","protected":false},"excerpt":{"rendered":"<p>[vc_row][vc_column width=\u00a0\u00bb5\/6&Prime; offset=\u00a0\u00bbvc_col-lg-offset-1 vc_col-lg-10 vc_col-md-offset-1 vc_col-md-10 vc_col-sm-offset-1&Prime;][\/vc_column][\/vc_row][vc_row][vc_column width=\u00a0\u00bb5\/6&Prime; offset=\u00a0\u00bbvc_col-lg-offset-1 vc_col-lg-10 vc_col-md-offset-1 vc_col-md-10 vc_col-sm-offset-1&Prime;][\/vc_column][\/vc_row]<\/p>\n","protected":false},"author":3,"featured_media":0,"parent":0,"menu_order":0,"comment_status":"closed","ping_status":"closed","template":"full-width.php","meta":{"footnotes":""},"class_list":["post-10505","page","type-page","status-publish","hentry"],"_links":{"self":[{"href":"https:\/\/danselaplanche.ch\/index.php\/wp-json\/wp\/v2\/pages\/10505","targetHints":{"allow":["GET"]}}],"collection":[{"href":"https:\/\/danselaplanche.ch\/index.php\/wp-json\/wp\/v2\/pages"}],"about":[{"href":"https:\/\/danselaplanche.ch\/index.php\/wp-json\/wp\/v2\/types\/page"}],"author":[{"embeddable":true,"href":"https:\/\/danselaplanche.ch\/index.php\/wp-json\/wp\/v2\/users\/3"}],"replies":[{"embeddable":true,"href":"https:\/\/danselaplanche.ch\/index.php\/wp-json\/wp\/v2\/comments?post=10505"}],"version-history":[{"count":9,"href":"https:\/\/danselaplanche.ch\/index.php\/wp-json\/wp\/v2\/pages\/10505\/revisions"}],"predecessor-version":[{"id":10668,"href":"https:\/\/danselaplanche.ch\/index.php\/wp-json\/wp\/v2\/pages\/10505\/revisions\/10668"}],"wp:attachment":[{"href":"https:\/\/danselaplanche.ch\/index.php\/wp-json\/wp\/v2\/media?parent=10505"}],"curies":[{"name":"wp","href":"https:\/\/api.w.org\/{rel}","templated":true}]}}