{"id":10076,"date":"2023-06-25T16:23:47","date_gmt":"2023-06-25T16:23:47","guid":{"rendered":"http:\/\/danselaplanche.ch\/?page_id=10076"},"modified":"2025-06-11T13:05:46","modified_gmt":"2025-06-11T13:05:46","slug":"noemie-kung","status":"publish","type":"page","link":"https:\/\/danselaplanche.ch\/index.php\/noemie-kung\/","title":{"rendered":"No\u00e9mie K\u00fcng"},"content":{"rendered":"<div class=\"wpb-content-wrapper\"><p>[vc_row][vc_column width=\u00a0\u00bb5\/6&Prime; offset=\u00a0\u00bbvc_col-lg-offset-1 vc_col-lg-10 vc_col-md-offset-1 vc_col-md-10 vc_col-sm-offset-1&Prime;]<div class=\"mkdf-elements-holder   mkdf-one-column  mkdf-responsive-mode-768 \" ><div class=\"mkdf-eh-item     \"  data-item-class=\"mkdf-eh-custom-8513\" data-1024-1366=\"0 68px\" data-768-1024=\"0 35px\" data-680-768=\"0 35px\" data-680=\"0 0 0 0\">\n\t<div class=\"mkdf-eh-item-inner\">\n\t\t<div class=\"mkdf-eh-item-content mkdf-eh-custom-8513\" style=\"padding: 0 70px\">\n\t\t\t[vc_empty_space height=\u00a0\u00bb125px\u00a0\u00bb]<p class=\"mkdf-custom-font-holder  mkdf-cf-5739  \" style=\"font-family: Scriptina;font-size: 50px;line-height: 2em;font-weight: 400;text-align: center;color: #bababa\" data-item-class=\"mkdf-cf-5739\" data-font-size-680=\"55px\" data-line-height-680=\"2em\">\n\t<\/p>[vc_column_text css=\u00a0\u00bb.vc_custom_1718533201600{margin-top: -35px !important;}\u00a0\u00bb]<\/p>\n<h3 style=\"text-align: center;\">No\u00e9mie K\u00fcng<\/h3>\n<p>[\/vc_column_text]<div class=\"mkdf-separator-holder clearfix  mkdf-separator-center  mkdf-separator-animation-yes\" style=\"margin-top: 30px;margin-bottom: 29px\">\n\t    <div data-width=\"140px\" class=\"mkdf-separator\" style=\"border-color: #000000;width: 140px;border-bottom-width: 1px\"><\/div>\n\t<\/div>\n[vc_empty_space height=\u00a0\u00bb25px\u00a0\u00bb]\t\t<\/div>\n\t<\/div>\n<\/div><\/div>[\/vc_column][\/vc_row][vc_row][vc_column width=\u00a0\u00bb1\/6&Prime;][\/vc_column][vc_column width=\u00a0\u00bb1\/6&Prime;]<div class=\"mkdf-team-holder mkdf-team-info-below-image\">\n\t<div class=\"mkdf-team-inner\">\n\t\t\t\t\t<div class=\"mkdf-team-image\">\n                <img loading=\"lazy\" decoding=\"async\" width=\"215\" height=\"249\" src=\"https:\/\/danselaplanche.ch\/wp-content\/uploads\/2024\/05\/Noemie-Kung_recadree.jpg\" class=\"attachment-full size-full\" alt=\"\" \/>\t\t\t<\/div>\n\t\t\t\t<div class=\"mkdf-team-info\">\n\t\t\t\t\t\t\t<h4 class=\"mkdf-team-name\" >No\u00e9mie K\u00fcng<\/h4>\n\t\t\t\t\t\t\t\t\t\t<span class=\"mkdf-team-position\" >Contemporain 10-13 ans | Fusion contemporain | Yoga<\/span>\n\t\t\t\t\t\t\t\t\t\t\t<\/div>\n\t<\/div>\n<\/div>[\/vc_column][vc_column width=\u00a0\u00bb1\/2&Prime;][vc_column_text]No\u00e9mie K\u00fcng est une danseuse, chor\u00e9graphe et professeure de danse fribourgeoise. D\u00e9butant par la danse orientale puis la Tribal Fusion, No\u00e9mie se d\u00e9lecte depuis plus de 10 ans de ces styles de danse et de leurs mouvements puissants et sensuels. Elle a dans\u00e9 avec les compagnies suisses Ahlan et Lazulya Tribe.<\/p>\n<p>Pouss\u00e9e par l&rsquo;amour de la fusion des styles, elle a \u00e9largi ses horizons et s&rsquo;est form\u00e9e professionnellement de 2018 \u00e0 2022 \u00e0 la danse contemporaine. Elle \u00e9tudiera aupr\u00e8s de la compagnie Cobosmika en Espagne et de Ways Training en Belgique. En septembre 2022, elle suivra \u00e9galement une formation de professeur de yoga Vinyasa (YTT200h). Pendant ces \u00e9tudes, elle danse en parall\u00e8le pour \u00ab\u00a0Mosa\u00efque\u00a0\u00bb d&rsquo;Ana\u00efs Kauer en 2022, ainsi que pour plusieurs spectacles mis en sc\u00e8ne par Luc Petit.<br \/>\nEn octobre 2022, No\u00e9mie revient s&rsquo;installer en Suisse. Elle travaille comme danseuse-interpr\u00e8te pour diff\u00e9rents chor\u00e9graphes et cr\u00e9e aussi ces propres projets comme \u00ab\u00a0Nomade\u00a0\u00bb. Elle pr\u00eate \u00e9galement ses talents de chor\u00e9graphe \u00e0 la com\u00e9die musicale \u00ab\u00a0Apparition\u00a0\u00bb de Christelle Riesle.<\/p>\n<p>Dans son enseignement la passion et le plaisir du mouvement sont clef. No\u00e9mie voit la danse et le yoga comme des outils pour se d\u00e9couvrir et tendre vers tout le potentiel et la richesse humaine possible.<\/p>\n<p>&nbsp;<\/p>\n<p>Contact : <a href=\"mailto:info@corsalta.ch\">No\u00e9mie K\u00fcng<\/a>[\/vc_column_text][\/vc_column][vc_column width=\u00a0\u00bb1\/6&Prime;][\/vc_column][\/vc_row][vc_row content_placement=\u00a0\u00bbmiddle\u00a0\u00bb][vc_column width=\u00a0\u00bb1\/5&Prime;][\/vc_column][vc_column width=\u00a0\u00bb1\/5&Prime;][\/vc_column][vc_column width=\u00a0\u00bb1\/5&Prime;][\/vc_column][vc_column width=\u00a0\u00bb1\/5&Prime;][\/vc_column][vc_column width=\u00a0\u00bb1\/5&Prime;]<a itemprop=\"url\" href=\"http:\/\/danselaplanche.ch\/index.php\/professeurs\/\" target=\"_self\" style=\"background-color: #ffffff;border-color: #000000\" class=\"mkdf-btn mkdf-btn-medium mkdf-btn-solid mkdf-btn-custom-hover-bg mkdf-btn-custom-border-hover mkdf-btn-custom-hover-color\" data-hover-color=\"#000000\" data-hover-bg-color=\"#ffffff\" data-hover-border-color=\"#000000\" >\n    <span class=\"mkdf-btn-text\">Retour<\/span>\n\t<\/a>[\/vc_column][\/vc_row]<\/p>\n<\/div>","protected":false},"excerpt":{"rendered":"<p>[vc_row][vc_column width=\u00a0\u00bb5\/6&Prime; offset=\u00a0\u00bbvc_col-lg-offset-1 vc_col-lg-10 vc_col-md-offset-1 vc_col-md-10 vc_col-sm-offset-1&Prime;][\/vc_column][\/vc_row][vc_row][vc_column width=\u00a0\u00bb1\/6&Prime;][\/vc_column][vc_column width=\u00a0\u00bb1\/6&Prime;][\/vc_column][vc_column width=\u00a0\u00bb1\/2&Prime;][vc_column_text]No\u00e9mie K\u00fcng est une danseuse, chor\u00e9graphe et professeure de danse fribourgeoise. D\u00e9butant par la danse orientale puis la Tribal Fusion, No\u00e9mie se d\u00e9lecte depuis plus de 10 ans de ces styles [&hellip;]<\/p>\n","protected":false},"author":3,"featured_media":0,"parent":0,"menu_order":0,"comment_status":"closed","ping_status":"closed","template":"coming-soon-page.php","meta":{"footnotes":""},"class_list":["post-10076","page","type-page","status-publish","hentry"],"_links":{"self":[{"href":"https:\/\/danselaplanche.ch\/index.php\/wp-json\/wp\/v2\/pages\/10076","targetHints":{"allow":["GET"]}}],"collection":[{"href":"https:\/\/danselaplanche.ch\/index.php\/wp-json\/wp\/v2\/pages"}],"about":[{"href":"https:\/\/danselaplanche.ch\/index.php\/wp-json\/wp\/v2\/types\/page"}],"author":[{"embeddable":true,"href":"https:\/\/danselaplanche.ch\/index.php\/wp-json\/wp\/v2\/users\/3"}],"replies":[{"embeddable":true,"href":"https:\/\/danselaplanche.ch\/index.php\/wp-json\/wp\/v2\/comments?post=10076"}],"version-history":[{"count":11,"href":"https:\/\/danselaplanche.ch\/index.php\/wp-json\/wp\/v2\/pages\/10076\/revisions"}],"predecessor-version":[{"id":10430,"href":"https:\/\/danselaplanche.ch\/index.php\/wp-json\/wp\/v2\/pages\/10076\/revisions\/10430"}],"wp:attachment":[{"href":"https:\/\/danselaplanche.ch\/index.php\/wp-json\/wp\/v2\/media?parent=10076"}],"curies":[{"name":"wp","href":"https:\/\/api.w.org\/{rel}","templated":true}]}}