{"id":10068,"date":"2023-06-25T15:20:15","date_gmt":"2023-06-25T15:20:15","guid":{"rendered":"http:\/\/danselaplanche.ch\/?page_id=10068"},"modified":"2025-06-04T09:57:45","modified_gmt":"2025-06-04T09:57:45","slug":"lea-iannone","status":"publish","type":"page","link":"https:\/\/danselaplanche.ch\/index.php\/lea-iannone\/","title":{"rendered":"L\u00e9a Iannone"},"content":{"rendered":"<div class=\"wpb-content-wrapper\"><p>[vc_row][vc_column width=\u00a0\u00bb5\/6&Prime; offset=\u00a0\u00bbvc_col-lg-offset-1 vc_col-lg-10 vc_col-md-offset-1 vc_col-md-10 vc_col-sm-offset-1&Prime;]<div class=\"mkdf-elements-holder   mkdf-one-column  mkdf-responsive-mode-768 \" ><div class=\"mkdf-eh-item     \"  data-item-class=\"mkdf-eh-custom-3065\" data-1024-1366=\"0 68px\" data-768-1024=\"0 35px\" data-680-768=\"0 35px\" data-680=\"0 0 0 0\">\n\t<div class=\"mkdf-eh-item-inner\">\n\t\t<div class=\"mkdf-eh-item-content mkdf-eh-custom-3065\" style=\"padding: 0 70px\">\n\t\t\t[vc_empty_space height=\u00a0\u00bb125px\u00a0\u00bb]<p class=\"mkdf-custom-font-holder  mkdf-cf-3496  \" style=\"font-family: Scriptina;font-size: 50px;line-height: 2em;font-weight: 400;text-align: center;color: #bababa\" data-item-class=\"mkdf-cf-3496\" data-font-size-680=\"55px\" data-line-height-680=\"2em\">\n\t<\/p>[vc_column_text css=\u00a0\u00bb.vc_custom_1718534833668{margin-top: -35px !important;}\u00a0\u00bb]<\/p>\n<h3 style=\"text-align: center;\">L\u00e9a Iannone<\/h3>\n<p>[\/vc_column_text]<div class=\"mkdf-separator-holder clearfix  mkdf-separator-center  mkdf-separator-animation-yes\" style=\"margin-top: 30px;margin-bottom: 29px\">\n\t    <div data-width=\"140px\" class=\"mkdf-separator\" style=\"border-color: #000000;width: 140px;border-bottom-width: 1px\"><\/div>\n\t<\/div>\n[vc_empty_space height=\u00a0\u00bb25px\u00a0\u00bb]\t\t<\/div>\n\t<\/div>\n<\/div><\/div>[\/vc_column][\/vc_row][vc_row][vc_column width=\u00a0\u00bb1\/6&Prime;][\/vc_column][vc_column width=\u00a0\u00bb1\/6&Prime;]<div class=\"mkdf-team-holder mkdf-team-info-below-image\">\n\t<div class=\"mkdf-team-inner\">\n\t\t\t\t\t<div class=\"mkdf-team-image\">\n                <img loading=\"lazy\" decoding=\"async\" width=\"215\" height=\"250\" src=\"https:\/\/danselaplanche.ch\/wp-content\/uploads\/2024\/05\/portrait-250-215.jpg\" class=\"attachment-full size-full\" alt=\"\" \/>\t\t\t<\/div>\n\t\t\t\t<div class=\"mkdf-team-info\">\n\t\t\t\t\t\t\t<h4 class=\"mkdf-team-name\" >L\u00e9a Iannone<\/h4>\n\t\t\t\t\t\t\t\t\t\t<span class=\"mkdf-team-position\" >Initiation 4-6 ans | Contemporain 7-9 ans<\/span>\n\t\t\t\t\t\t\t\t\t\t\t<\/div>\n\t<\/div>\n<\/div>[\/vc_column][vc_column width=\u00a0\u00bb1\/2&Prime;][vc_column_text]L\u00e9a, n\u00e9e en 1995 dans le canton de Fribourg, fait ses premiers pas dans la danse contemporaine \u00e0 l\u2019\u00e2ge de 6 ans. Apr\u00e8s avoir obtenu son \u00ab\u00a0Bachelor of Art in Preprimary and Primary Education\u00a0\u00bb \u00e0 la HEP de Fribourg, elle d\u00e9cide de se vouer \u00e0 sa passion, la danse.<br \/>\nFascin\u00e9e par le mouvement et la cr\u00e9ation, elle se forme tout d\u2019abord intensivement \u00e0 Fribourg-en-Brisgau \u00e0 la \u00ab Bewegungs-art Schule \u00bb , puis, \u00e0 Berlin, avant de commencer un \u00ab Master of Advanced Studies\u00bb \u00e0 l\u2019universit\u00e9 de Berne en science de la danse. Aujourd\u2019hui, elle continue de suivre de nombreux Workshops et formations en Autriche, en Italie, en Belgique, en Allemagne et en Suisse.<br \/>\nDepuis 2020, elle travaille en tant que danseuse avec plusieurs artistes et compagnies Suisses. Elle participe notamment \u00e0 des projets tel que \u00ab\u00a0Codanse FRI-20\u00a0\u00bb avec la compagnie \u00ab\u00a0DA MOTUS!\u00a0\u00bb (CH) ou encore \u00ab\u00a0H.2.N.Y. \u00a0\u00bb dirig\u00e9 par Michael Landy (GB) et Tabea Martin (CH), \u00e0 la Kaserne \u00e0 B\u00e2le. Elle a \u00e9galement dans\u00e9 pour la compagnie \u00ab\u00a0Karwan\u00a0\u00bb \u00e0 Zoug (CH). Actuellement elle travaille sur plusieurs projets avec son collectif interdisciplinaire \u00ab\u00a0Original. Replicate\u00a0\u00bb.<\/p>\n<p>&nbsp;<\/p>\n<p>Contact : <a href=\"mailto:iannone.lea@gmail.com\">L\u00e9a Iannone<\/a>[\/vc_column_text][\/vc_column][vc_column width=\u00a0\u00bb1\/6&Prime;][\/vc_column][\/vc_row][vc_row content_placement=\u00a0\u00bbmiddle\u00a0\u00bb][vc_column width=\u00a0\u00bb1\/5&Prime;][\/vc_column][vc_column width=\u00a0\u00bb1\/5&Prime;][\/vc_column][vc_column width=\u00a0\u00bb1\/5&Prime;][\/vc_column][vc_column width=\u00a0\u00bb1\/5&Prime;][\/vc_column][vc_column width=\u00a0\u00bb1\/5&Prime;]<a itemprop=\"url\" href=\"http:\/\/danselaplanche.ch\/index.php\/professeurs\/\" target=\"_self\" style=\"background-color: #ffffff;border-color: #000000\" class=\"mkdf-btn mkdf-btn-medium mkdf-btn-solid mkdf-btn-custom-hover-bg mkdf-btn-custom-border-hover mkdf-btn-custom-hover-color\" data-hover-color=\"#000000\" data-hover-bg-color=\"#ffffff\" data-hover-border-color=\"#000000\" >\n    <span class=\"mkdf-btn-text\">Retour<\/span>\n\t<\/a>[\/vc_column][\/vc_row]<\/p>\n<\/div>","protected":false},"excerpt":{"rendered":"<p>[vc_row][vc_column width=\u00a0\u00bb5\/6&Prime; offset=\u00a0\u00bbvc_col-lg-offset-1 vc_col-lg-10 vc_col-md-offset-1 vc_col-md-10 vc_col-sm-offset-1&Prime;][\/vc_column][\/vc_row][vc_row][vc_column width=\u00a0\u00bb1\/6&Prime;][\/vc_column][vc_column width=\u00a0\u00bb1\/6&Prime;][\/vc_column][vc_column width=\u00a0\u00bb1\/2&Prime;][vc_column_text]L\u00e9a, n\u00e9e en 1995 dans le canton de Fribourg, fait ses premiers pas dans la danse contemporaine \u00e0 l\u2019\u00e2ge de 6 ans. Apr\u00e8s avoir obtenu son \u00ab\u00a0Bachelor of Art in Preprimary [&hellip;]<\/p>\n","protected":false},"author":3,"featured_media":0,"parent":0,"menu_order":0,"comment_status":"closed","ping_status":"closed","template":"coming-soon-page.php","meta":{"footnotes":""},"class_list":["post-10068","page","type-page","status-publish","hentry"],"_links":{"self":[{"href":"https:\/\/danselaplanche.ch\/index.php\/wp-json\/wp\/v2\/pages\/10068","targetHints":{"allow":["GET"]}}],"collection":[{"href":"https:\/\/danselaplanche.ch\/index.php\/wp-json\/wp\/v2\/pages"}],"about":[{"href":"https:\/\/danselaplanche.ch\/index.php\/wp-json\/wp\/v2\/types\/page"}],"author":[{"embeddable":true,"href":"https:\/\/danselaplanche.ch\/index.php\/wp-json\/wp\/v2\/users\/3"}],"replies":[{"embeddable":true,"href":"https:\/\/danselaplanche.ch\/index.php\/wp-json\/wp\/v2\/comments?post=10068"}],"version-history":[{"count":11,"href":"https:\/\/danselaplanche.ch\/index.php\/wp-json\/wp\/v2\/pages\/10068\/revisions"}],"predecessor-version":[{"id":10409,"href":"https:\/\/danselaplanche.ch\/index.php\/wp-json\/wp\/v2\/pages\/10068\/revisions\/10409"}],"wp:attachment":[{"href":"https:\/\/danselaplanche.ch\/index.php\/wp-json\/wp\/v2\/media?parent=10068"}],"curies":[{"name":"wp","href":"https:\/\/api.w.org\/{rel}","templated":true}]}}